156?
52
Suppose 6 = -5*c - 204. Let a = c + 100. Calculate the greatest common factor of a and 29.
29
Suppose -26*r + 51070 + 9666 = 0. Calculate the highest common factor of 32 and r.
32
Let p = 17517 - 17277. What is the greatest common factor of 320 and p?
80
Suppose -98980 = -158*x + 109*x. What is the greatest common factor of 70 and x?
10
Suppose -3*x = 8*x + 3234. Let q be (2 + -7)*x/35. What is the greatest common divisor of q and 70?
14
Let w(a) = 14*a**2 + 278*a - 368. Let i be w(-25). What is the greatest common divisor of 8 and i?
8
Suppose -30844 = -900*q + 871*q + 2970. What is the highest common factor of 22 and q?
22
Suppose 3*c - 429 = 3*x, -233 = -3*c + 5*x + 206. Suppose -3*z = -5*z + 368. What is the highest common divisor of z and c?
46
Let f = -112 - -217. Let w = 126 - 126. Suppose -4*c = 6*k - 4*k - 30, w = -2*k - c + 30. What is the highest common divisor of f and k?
15
Let q(h) = h**3 - 6*h**2 + 10*h - 7. Let k be q(2). Let n(f) = 4*f**2 + 8*f - 10*f + 5*f. Let t be n(k). Calculate the greatest common factor of 18 and t.
9
Suppose -14*w + 2547 = -4117. Suppose 7*f = -56 + w. Let l(q) = 13*q**2 - q. Let j be l(1). Calculate the greatest common divisor of f and j.
12
Suppose -40*b + 470 = -q, -b - 18 = -1607*q + 1604*q. Suppose 5*k - 3*g - 535 = 0, -5*g + 4*g = -5. Calculate the greatest common divisor of q and k.
10
Let j be (-31 - -25)/(-1*4*(-1)/(-490)). What is the highest common factor of j and 1911?
147
Let z be (2 + -2 - (0 + -2))*-65. Let v be (1 - 11)/(z/312). Suppose 220 = 5*j + 3*t + 40, -2*j - 2*t = -72. What is the highest common divisor of v and j?
12
Suppose 213691 - 36551 = 20*s. What is the greatest common factor of 17 and s?
17
Let s = 124 + -118. Let p be 4678/6 - s/(-18). What is the highest common divisor of 60 and p?
60
Suppose -31093*d + 190 = -31088*d. Calculate the highest common factor of 2147 and d.
19
Suppose -772 = -r - 14*p + 10*p, p = -3*r + 2272. Calculate the highest common factor of 140 and r.
28
Suppose -51*w + 840 = -16*w. Calculate the highest common divisor of 162 and w.
6
Let i be 13 + -2*(-10)/(-5). Let f(p) = -13 - 11*p**2 + 8 + 3*p**2 - 7*p + p**3 - 9. Let c be f(i). Calculate the greatest common divisor of 1 and c.
1
Let s be (-1 + (-6)/12*-20)/(8/104). What is the highest common divisor of s and 126?
9
Suppose -2*f = -2*b + 252, -4*b - 486 = 4*f - 2*b. Let z = -119 - f. Let o be (-336)/(-5) - (128/(-20))/8. Calculate the greatest common divisor of o and z.
4
Suppose -7*p + 44 + 187 = 0. Suppose 288 = 51*o - p*o. What is the greatest common divisor of 592 and o?
16
Let x be (2014/(-159))/(2/(-3)). Suppose -x*c + 870 = 10*c. What is the highest common divisor of c and 6?
6
Let g = 48 - -464. Suppose 0 = j - i - 6, 3*j + 14 = 6*j - 5*i. Calculate the greatest common divisor of j and g.
8
Let w be ((-2)/(-6)*0)/2. Suppose -5*k + 22*k - 1632 = w. Calculate the highest common divisor of 12 and k.
12
Suppose 0 = -12*j - 34013 + 36821. Calculate the greatest common divisor of j and 12.
6
Let w = -2328 + 2329. Calculate the highest common divisor of w and 557.
1
Let z = 51 + -44. Suppose 0*p - a = 4*p - 17, p = -4*a - z. Calculate the greatest common factor of p and 10.
5
Let j(y) = y**2 + 25*y - 50. Let s be j(-27). Suppose 3*f - 83 = 3*b + 2*b, -s = b. Calculate the greatest common divisor of 126 and f.
21
Let s(d) = 2*d + 18. Let h be s(-3). Suppose 4 + 26 = 5*b + 3*a, 0 = 2*b + 2*a - h. Let o = 9 + -6. What is the greatest common factor of o and b?
3
Let a be (((-130)/15)/13)/((-1)/(-5032))*-3. What is the greatest common factor of 48 and a?
16
Let x be (-16)/(((-4)/6)/(-2)) - 1. Let u = x - -55. What is the greatest common factor of u and 2?
2
Suppose -291 = -12*r - 15. Suppose r*u = 2522 - 682. Calculate the greatest common factor of u and 4.
4
Let n(m) = m**3 - 18*m**2 + 139*m - 1678. Let b be n(16). Suppose -10 = -g - 4*g, -5*d + 3*g = -1184. What is the greatest common divisor of b and d?
34
Suppose -602*x + 328*x = -300*x + 208. Calculate the greatest common divisor of 4072 and x.
8
Suppose -4*f = -3*b - 356, 410 = -5*f + 10*f + 5*b. Calculate the highest common factor of f and 14018.
86
Suppose 10 = 3*f - 14. Let w(k) = 2*k**2 + k - 33. Let m be w(f). Let p = 123 - m. What is the highest common divisor of p and 220?
20
Suppose 2*i = 16 + 20. Suppose 525*l - 505*l - 11520 = 0. Calculate the greatest common divisor of l and i.
18
Let o(r) = 112*r - 408. Let i be o(4). What is the highest common factor of i and 4620?
20
Let x = -25348 - -26473. What is the highest common factor of x and 126?
9
Let j(l) = l**3 - 22*l**2 + 30*l + 1. Let d be j(21). Calculate the highest common factor of 57 and d.
19
Let p be 4/(-36)*-3*15. Suppose 412 = p*c + 102. Let f(r) = -r**3 - 43*r**2 + 40*r - 145. Let n be f(-44). What is the highest common factor of n and c?
31
Suppose -5*w + 3*w - w = 0. Suppose 8*x + w*x + 8 = 0. Let s(z) = -4*z**3 + 2*z**2 + 2*z. Let u be s(x). What is the highest common divisor of 36 and u?
4
Let v = -5 - -10. Suppose -15 = -v*q + 30. Suppose 4*z - 364 = -9*i, -5*i - 52*z + 48*z = -220. What is the greatest common divisor of i and q?
9
Let k(t) = t**2 + 6*t + 69. Let b(j) = -j**2 - 1. Let w(z) = 2*b(z) + k(z). Let g be w(-5). What is the highest common divisor of 68 and g?
4
Let n be 6/(7/(-3) + 14 + -11). Suppose -2*i + 25 = n. Suppose -4*o + 180 = i*o. Calculate the greatest common divisor of o and 30.
15
Let o be ((-162)/10 - -13)/(10/75*-3). Calculate the greatest common divisor of 27 and o.
1
Let m be (-16368)/(-55)*((3 - 1) + (-134)/(-3)). Calculate the highest common divisor of 93 and m.
31
Let z be 28/20 - 108/(-30). Suppose 51*n - 1426 = z*n. What is the greatest common factor of n and 31?
31
Let w(p) = -9*p**2 + 203*p + 72. Let y be w(18). Let k = 10 - 6. Suppose g - y = -k*g. Calculate the greatest common divisor of 9 and g.
9
Suppose -44*a - 6 = -41*a. Let r be (-2 - -4)*a + (9 - 1). Let h be (-5 + 0)*(-44)/55. What is the greatest common factor of r and h?
4
Suppose 5*d - 865 = -0*d - j, -3*d - 2*j = -512. Let o = d - 150. Calculate the highest common factor of o and 24.
24
Let c = -208 + 224. Let i be 4/(-12) - 20/(-6). Suppose -2*j = -i*j + 128. What is the highest common divisor of c and j?
16
Suppose 0 = -96*y + 6644 + 1324. Calculate the greatest common divisor of 2407 and y.
83
Let h(s) be the first derivative of 9*s**2/2 - 171*s - 6. Let r be h(20). What is the highest common divisor of 153 and r?
9
Suppose -4*h + 5*z + 296 = 0, 2*z + 229 = 3*h - 0*h. Let p = h - -61. Calculate the greatest common divisor of 210 and p.
70
Let w(u) = 10*u**2 - u + 104. Let a be w(0). Calculate the highest common divisor of a and 52.
52
Let z = 213 - 205. Let o be -1*2 + (-13 - -29). Suppose -16*h + 48 = -o*h. What is the greatest common factor of h and z?
8
Let p(i) = 396*i. Let s be p(5). Suppose 15*g - s = -7*g. Calculate the greatest common divisor of 120 and g.
30
Let h = 3877 - 3517. What is the greatest common factor of 150 and h?
30
Let y = -14057 + 20771. Calculate the highest common factor of y and 108.
18
Let j(r) = 2*r**2 - 28*r + 134. Let p(c) = -c**2 - 5*c + 31. Let w be p(-7). Let n be j(w). What is the greatest common factor of 4 and n?
4
Let i = -169 + 171. Suppose -82 = -4*n - 0*a - 5*a, -2*n + 32 = -i*a. Calculate the highest common divisor of n and 6.
6
Let j = 123 - 116. Suppose -3*d = -5*m - 1, 2*d = -12*m + 9*m + j. What is the greatest common factor of d and 2?
2
Let g = -10187 - -10955. What is the highest common divisor of 16 and g?
16
Let h be 1 - 0 - ((-1 - 15) + 9). Let l = 157 + -57. Suppose -l = -3*q - 2*q. What is the highest common divisor of h and q?
4
Let o(u) = u**3 - 7*u**2 - 6*u + 12. Let p be o(8). Let h = -213978 + 214328. What is the greatest common factor of h and p?
14
Let p = -4642 - -4643. What is the highest common divisor of 595 and p?
1
Let f be (20/8)/(14/28). Suppose 3080 = -f*k + 16*k. Calculate the highest common divisor of 40 and k.
40
Let q(i) = 4*i**3 - 53*i**2 + 13*i + 7. Let t be q(13). Suppose t*n - 3*n - 3*d - 372 = 0, -4*d - 466 = -5*n. Calculate the highest common factor of 50 and n.
10
Suppose -2702 = -10*c - 642. Let i = c + -203. Calculate the greatest common factor of 22 and i.
1
Let u(t) = t**2 + 